27290/14 + n/(-28) composite?
False
Let l(v) = v**2 - 1. Let s(w) = -189*w**2 + 3*w + 1. Let g(b) = 2*l(b) - s(b). Is g(2) a composite number?
True
Is (30/(-2))/((-21)/4487) a prime number?
False
Let g(c) = -c**3 - c**2 + 149. Suppose -3*j - 3*o = -15, -4*j - o + 14 = -0*o. Suppose j*z = 7*z. Is g(z) a prime number?
True
Let l(o) = -3*o**3 - o**2 - o. Let h be l(-1). Is h + 1/((-5)/(-1450)) a composite number?
False
Let n = -3 - -5. Suppose -n = 2*a - a. Is ((-153)/6)/(1/a) a prime number?
False
Let y = -16 - -19. Let p be (12/14)/(y/(-21)). Is -1*9/p*2 prime?
True
Let c be ((-106352)/3)/(-4) + (-5)/(-15). Suppose -c = -5*j + 2222. Is j composite?
True
Suppose 6 = 2*b, -4*b + 850 = 2*g + 248. Is g composite?
True
Let p = 18911 - 6250. Is p a composite number?
True
Let u(q) = 1799*q - 5. Is u(2) composite?
False
Let k(q) = 7*q**3 - 4*q**2 - 12*q - 1. Let z(p) = 8*p**3 - 4*p**2 - 13*p - 2. Let v(i) = -7*k(i) + 6*z(i). Let r be v(5). Is 2 + (-2 + r - -77) prime?
False
Suppose -3*x = -4*y - 3491 + 776, 4*y = 0. Is x composite?
True
Let c(v) = v**3 - 2*v**2 + 8*v - 8. Suppose -5*u = -2*f + 4*f + 10, -5*f = -4*u + 25. Suppose -5*b + 28 = r - 8, -5*b + 25 = u. Is c(r) composite?
True
Suppose -4 = 2*s, -2*a - 4*s - 384 = s. Let u(v) = 169*v + 32. Let f be u(-2). Let z = a - f. Is z a prime number?
False
Let u(z) = -15 - z + 7*z**2 - 10*z + 4*z. Is u(8) composite?
True
Let y(t) = -4*t**3 - 7*t**2 - 2*t + 9. Suppose 85*q - 4 = 86*q. Is y(q) a composite number?
True
Suppose -8*z + 7170 = -7*z. Suppose z + 5961 = 9*i. Is i a prime number?
True
Suppose 4*i - 91665 = b, -i + 91670 = 3*i - 2*b. Is i a composite number?
True
Suppose 3*y - 5*j = 167264, y - 5*j = 4*y - 167314. Is y a prime number?
True
Let j(r) = 675*r - 623. Is j(44) composite?
False
Suppose 5*s - 6 = -3*h + 6, s = 3. Is 1689*(-4)/12*h composite?
False
Let b(k) = -38*k**2 + 11*k - 5. Let t be b(6). Let r = t + 2077. Suppose 5*p = -5*f + p + r, -5*f + 3*p = -805. Is f a prime number?
False
Let j = -35137 + 66270. Is j a prime number?
False
Let z = 1206 + -747. Suppose -3*b + z + 1482 = 0. Is b prime?
True
Let c(d) = -20*d + 11. Is c(0) prime?
True
Suppose -3*o - p + 36 = -2*p, 2*p = -4*o + 48. Suppose 28*u - o = 24*u. Is (694/6)/(u/9) a composite number?
False
Let y be (18/(-45))/(1/(-5)). Suppose 415 = -2*b + 7*b + 4*h, 3*b - 271 = y*h. Is b a composite number?
True
Let u = -1537 - -3098. Is u composite?
True
Suppose 11*j - 249443 = -30169. Is j a prime number?
False
Let o = -2 - -3. Is 0 - (-638 - (o - -2)) a composite number?
False
Let q(h) = -3*h + 2 - 14 + 2*h**2 + 10*h. Suppose 4*o = 9*o - 45. Is q(o) composite?
True
Let z(n) = -2*n**3 - 9*n**2 - 8*n + 17. Is z(-8) prime?
False
Let r(v) = v**2 + 11*v - 5. Suppose 0 = -0*b - 5*b + 2*l - 127, l = -4*b - 112. Let p = 15 + b. Is r(p) a prime number?
True
Let n = -1174 - -4095. Is n a composite number?
True
Suppose 3*c - 4*w - 243 = 2470, -4*c + 3614 = -2*w. Let h = 61 - 57. Suppose -h*l = 259 - c. Is l prime?
False
Let v = -59 + 36. Let r = v + 94. Is r a composite number?
False
Suppose -5*g - y + 29 = 0, 0 = -3*g - y - 4*y + 35. Suppose 4*k - 627 = -g*r, 0*r = -2*k - 2*r + 316. Is k composite?
False
Let a = -4547 - -2452. Let z = a + 3002. Is z a prime number?
True
Let q(y) = y**3 + 19*y**2 - y + 15. Let z = 65 - 84. Is q(z) composite?
True
Let p(u) = -u**3 - 14*u**2 - 29*u + 39. Is p(-17) a prime number?
True
Is (2 + 0 + -5)/(6/(-154)) prime?
False
Suppose -10*i - 5138 = -3*i. Is (-5 + 15)*i/(-4) a composite number?
True
Suppose 5*b - 5751 = -2*n, -7*b + 3459 = -4*b - 3*n. Is b a composite number?
False
Let u(r) = r**3 - 2*r**2 - 2*r. Let d be u(3). Let z = 0 + d. Suppose z*k + 73 = 328. Is k a prime number?
False
Let t(q) = -q**3 - 54*q**2 - 20*q + 97. Is t(-54) a prime number?
False
Let i(n) = -2*n**3 - 68*n**2 - 67*n - 207. Is i(-46) a prime number?
False
Suppose -5*b + 2858 = -2*y, -b + 589 = 4*y + 13. Suppose -b - 87 = -q. Is q composite?
False
Let v(s) = 4*s**3 - s**2 + 1. Let g be v(1). Let l = 12 - g. Is (-2)/l - (-5635)/28 a prime number?
False
Suppose -4*q - q - 3*p + 265 = 0, -2*p = -q + 40. Suppose -9*a + q = -4*a. Is 304/20*a/4 composite?
True
Suppose -3*g + 5*g = 4. Let o be 3/(-2) + (-6)/(-4). Suppose g*h = -o*h + 4*k + 76, 4*h - 5*k = 152. Is h a prime number?
False
Suppose -3*o - 5*t + 30 = 2*o, -18 = -5*o - 2*t. Suppose 0 = o*i - 3*i - 4*h + 522, 5*i + h - 2648 = 0. Suppose 5*d = 2*d, -4*d = 2*w - i. Is w a prime number?
False
Let x = 30962 + -1591. Is x a composite number?
True
Is -1 + (-3 - -2) + -2 + 12377 prime?
True
Let k = 26 - 23. Suppose -5*a - k*r - 10665 = 0, -a + 3*r = 2024 + 127. Is a/(-26) + (-12)/78 a prime number?
False
Suppose -5*x + 6*t = 3*t - 176655, x - 2*t - 35331 = 0. Is x prime?
False
Suppose -14*y = -12*y. Suppose -2*u = -y*u - 422. Is u composite?
False
Suppose -4 = -5*u + 6. Suppose 0 = -5*b + 3*v - 6*v + 485, 2*b + u*v = 194. Suppose 3*l - b = 140. Is l composite?
False
Is (-205304)/(-44)*(-2)/(-4) a prime number?
True
Suppose -h + 5*q = -0 + 3, 20 = -4*q. Let k = h + 32. Suppose 3*f - 3*l = -0*l + 489, k*l = -3*f + 475. Is f a composite number?
True
Let v be (-6 - -7)/(1 - 48/45). Is ((-1847)/(-3))/((-5)/v) composite?
False
Suppose 4*s + 5*m = 37267 - 10022, 0 = -s + 2*m + 6795. Is s prime?
False
Let v(g) = 43*g + 21. Let a(r) = 85*r + 42. Let y(w) = -3*a(w) + 7*v(w). Is y(4) prime?
False
Let n(h) = -414*h**3 - 6*h**2 - h + 47. Is n(-6) composite?
False
Let y = -22 - -24. Suppose y*p - 4 = -2*p. Is (-4 + 2)*p + 1483 prime?
True
Let y be 6/(-14) + 6/14. Let h = -5 - -4. Is h - (-804)/(y + 3) composite?
True
Let p = -18463 + 30978. Is p composite?
True
Suppose -28 = -5*q + 67. Suppose 542 = 21*d - q*d. Is d composite?
False
Suppose 83 = -4*y - 1025. Is y/((-7)/2 + 3) a prime number?
False
Let c = -683 - -982. Is c prime?
False
Is ((-21)/(-14))/(27/98298) a prime number?
False
Let a = 2075 + 372. Suppose 4*b - a = -3*w, -4*b + 3*b + 817 = w. Is w a prime number?
True
Suppose -94 = -6*d - 34. Suppose -s = -d*s - 19377. Is (0 - -1)/((-1)/s) prime?
True
Is (2 + 2)*-1 + 5 + 448 a prime number?
True
Is 4/1 - (26 - 91077) prime?
False
Suppose 0 = 3*s - 2*s - 2. Suppose s*u = -2*u. Suppose 0 = -i - u*i + 619. Is i a prime number?
True
Let f(j) = 123*j - 108. Is f(7) composite?
True
Let z(u) = 255*u + 3. Let o be z(1). Is (0 - (-4)/16)*4 + o a prime number?
False
Suppose -4*n + 2*n = -42. Suppose a - 2*a + 3*c - 6 = 0, 5*c - n = -2*a. Suppose l + 4*s + 306 = a*l, 2*l = -2*s + 276. Is l prime?
False
Let u = -709 - -2148. Is u a prime number?
True
Suppose 0 = -4*g - 2*k + 4472, -3*g + 7*k + 3345 = 4*k. Is g a prime number?
True
Let b = -49 + 27782. Is b a prime number?
True
Let w = -118 + 114. Let z(n) = -308*n - 15. Is z(w) prime?
True
Is 25979 - 1 - (-21)/(10 + -3) composite?
False
Let k = 61 - 85. Let g = k + 29. Suppose -g*y + 1730 = -0*y. Is y a prime number?
False
Suppose -14*w = -18*w - 3*m + 58796, 0 = 4*w + 5*m - 58796. Is w prime?
True
Suppose -5*h + 2932 = -1938. Is h a prime number?
False
Suppose -1216*x + 1229*x - 394017 = 0. Is x a prime number?
False
Suppose -5*h + 33929 = -16736. Is h a prime number?
True
Is ((63/3)/7)/1 - -13856 a composite number?
False
Let g be -3*(2/4*-2)/1. Suppose -4348 - 3839 = -g*t. Is t prime?
True
Let q = 92 + -916. Let v = -115 - q. Is v a prime number?
True
Let q be 15/(-3)*-90 + 2. Let p = 709 - q. Suppose 5*g + 92 = 2*t - 0, -5*t + p = g. Is t composite?
True
Suppose 4*t + t = 2*z - 18, -3*z + 5*t = -22. Suppose u + 2*k - 303 = 6*k, -2*u + 622 = -z*k. Is u a composite number?
True
Is 12/((-576)/(-16)) + (-65344)/(-6) a composite number?
False
Let q = -12725 - -37224. Is q composite?
False
Let o(s) = 141*s. Let d be o(1). Let q = 4 - 80. Let y = q + d. Is y prime?
False
Let i(a) be the first derivative of 85*a**2/2 - 6*a - 3. Let x(b) = 3*b. Let h be x(1). Is i(h) a composite number?
True
Suppose -117*i + 116*i + 1267 = 0. Let j = i + -416. Is j composite?
True
Let l be -6 - (-1 + -3 - -1). Is 1 - (2 - 677) - l prime?
False
Let d(a) = 1639*a + 120. Is d(7) a prime number?
True
Let f(r) = -r**2 - 5. Let k be (-63)/14 + (-2)/4. Let z be f(k). Let o = 107 + z. Is o a composite number?
True
Let a = 6 + -3. Suppose -a*k = -5*m + 1342, -535 = -2*m - 2*k + 5*k. Is